+ 2*w**2 + 5*w - 7. Let n(j) = 5*a(j) + 6*t(j). Let o = 27 - 23. What are the prime factors of n(o)?
13
Let i(n) = n**3 - n**2 - 8*n + 408. What are the prime factors of i(0)?
2, 3, 17
Suppose 19*w = 6*w + 5486. List the prime factors of w.
2, 211
What are the prime factors of -3 + (15/(-3) - (2 + -2029))?
3, 673
Suppose -3 = r - 7. Suppose 0 = 3*a + 3*c - 375, 5*c - 431 - 74 = -r*a. What are the prime factors of a?
2, 3, 5
Let u(l) = -l + 11. Let c be u(8). Suppose c*f - 155 = 148. List the prime factors of f.
101
Let r(f) = f**3 + 9*f**2 + 5*f + 13. Let g be r(-7). What are the prime factors of 16*(g/20 - (-3)/15)?
2
Let m be 0/1 - 0/12. Suppose m = 16*f - 18*f + 28. List the prime factors of f.
2, 7
Let o(t) = -14*t**3 - 6*t**2 - 27*t - 25. Let m(y) = -7*y**3 - 3*y**2 - 13*y - 12. Let h(w) = 9*m(w) - 4*o(w). List the prime factors of h(-2).
2, 3
Let g(z) = -z**3 + 3*z**2 - z + 1. Let h be g(2). Let a(t) = -4*t + 15. What are the prime factors of a(h)?
3
Let c(i) = -i + 1. Let l be c(-3). Suppose n - a = 6*n - 20, -3*n - 11 = -l*a. Suppose 3 = n*x - 24. What are the prime factors of x?
3
Suppose 0 = 10*m - 13493 - 35057. List the prime factors of m.
5, 971
Let c(l) = -l**2 - 14*l - 17. Let j be c(-12). Suppose j*y = 11*y - 312. Suppose -q + y = 2*i, i - 362 = -5*q + 5*i. What are the prime factors of q?
2, 37
Suppose -3*t = n - 110, -4*n - 1 = 3. Let k = 2 + t. What are the prime factors of k?
3, 13
Let y(o) = o**3 - 13*o**2 - 14*o. Let n be y(14). Suppose -4*z + 116 + 304 = n. List the prime factors of z.
3, 5, 7
Let j(z) = -2*z**2 + 2*z + 5. Let o(b) = -b**2 + b + 3. Let u(y) = -2*j(y) + 5*o(y). Let v be u(4). Let m = 4 - v. List the prime factors of m.
11
Let k(j) = 2*j**2 - j - 1. Let l be k(2). Suppose -l*x - 42 = 2*c, -2*c + 4 = 6. Let b(a) = a**3 + 8*a**2 - 4*a - 7. What are the prime factors of b(x)?
5
Suppose -54 + 8 = s. Suppose -4*n + q + 256 = 0, 254 + 66 = 5*n + 4*q. Let l = s + n. What are the prime factors of l?
2, 3
Let t(z) = 4*z**2 + 4*z + 3. Let u be t(-1). Suppose 0 = u*l - 5*y - 349, l + 2*l - 4*y = 347. What are the prime factors of l?
113
Let w be -1 - 2 - 1 - (-8 - -21). List the prime factors of (1 - 1) + w/(85/(-70)).
2, 7
Let a = -1023 + 1799. What are the prime factors of a?
2, 97
Let k = 9 - 1. Let g = 31 - k. Suppose -2*d + 5*z + 36 = 0, -g = -2*d + z + 5. What are the prime factors of d?
13
Suppose 1578 = 24*w - 22*w. Suppose 4*j - 799 = -4*g + j, 4*g - w = -j. List the prime factors of g.
2, 7
Suppose b = -4*b. Suppose 0 = 5*d - b*d - 2*x - 270, -3*d - x + 162 = 0. List the prime factors of d.
2, 3
Let k = 112 - 97. List the prime factors of -3*3/(-6)*2140/k.
2, 107
Suppose 6*k = 3*k + 6. Suppose k = t - 3. List the prime factors of (-1)/t - (-48)/15.
3
Suppose 3*k + k - 16 = 0. Suppose -h + 8 = k. Suppose 0 = 5*c + 5*n - 80, h = 2*c - 3*n - 13. List the prime factors of c.
13
Let z(d) = 27*d**2 + d - 8. What are the prime factors of z(-9)?
2, 5, 7, 31
Let l = 8 - 2. Let m be 2 + -1 + 21*l. Let p = m + -84. List the prime factors of p.
43
Let y be ((-5)/2)/(-5) - (-137)/(-2). Let t = y + 240. List the prime factors of t.
2, 43
Let z be -2*4/24*0. Suppose -5*a - 4*l + 399 = -z*l, 4*l + 154 = 2*a. Suppose 0 = -3*r + a + 20. List the prime factors of r.
3, 11
Suppose 2*z = 3*o - 2310, 0 = -3*o - 0*z - 2*z + 2310. List the prime factors of o.
2, 5, 7, 11
Let h(g) = 12*g - 4. Suppose 12 - 3 = j. Let u = -6 + j. List the prime factors of h(u).
2
What are the prime factors of 2526 + -21 - (3 + -12)?
2, 3, 419
Let m(n) = -n**2 + 7*n + 11. Let z be m(8). Suppose -z*d + 157 = 4*g, -67 - 53 = -3*g - 3*d. Let l = g + -18. List the prime factors of l.
19
Let m = 1021 - 486. List the prime factors of m.
5, 107
Suppose 365 + 1681 = 6*s. What are the prime factors of s?
11, 31
Let t = 134 + -376. Let j be (-2)/(-11) + (-10120)/t. Suppose x + j = 7*x. List the prime factors of x.
7
Let a(s) = s**3 - 7*s**2 + 6*s. Let t be a(6). Suppose -397 = -4*q + 5*d, 4*d = -q - t*q + 94. What are the prime factors of q?
2, 7
Suppose -4*l = 4*c - 2144, 1061 = -3*c - 2*l + 2668. What are the prime factors of c?
5, 107
Let n be 4 + (265/(-3) - (-8)/(-12)). Let r = n + 312. What are the prime factors of r?
227
What are the prime factors of (-159145)/(-105) + 1/3?
2, 379
Let d = 133 - 60. List the prime factors of d + (-2 - 1 - (-9 + 3)).
2, 19
Suppose 0*g = -d + 3*g + 6117, 5*g = 2*d - 12234. List the prime factors of -3*d/(-117) + 4/26.
157
Suppose a = 5*k - 14, 2*a + k + 13 = 6*k. List the prime factors of (a - 11/(-2))*(-3 + 17).
7, 13
Suppose 10 = -3*o + 5*p, -10 + 4 = 2*o - 3*p. Suppose 3*v - 113 - 148 = o. What are the prime factors of (v - -1)*2/4?
2, 11
Suppose -k - 7 = -3*s, 0 = 2*s + 2*k + 8 - 2. List the prime factors of (3 + (-12)/16)/(s/44).
3, 11
Suppose 0 = 6*f + 18 + 6. List the prime factors of f + 12*(-8)/(-12).
2
Suppose a + 2 = 4. Suppose -2*c = -3*c + 10. Suppose -c = -5*q + 5*i, -4 = q - 5*i + a. What are the prime factors of q?
2
Suppose -3*c - 3*x + 0*x + 10272 = 0, 0 = -c - 4*x + 3421. What are the prime factors of c?
5, 137
Suppose 0 = 3*h - 2*z - 8003, 2*h = -4*z + 3202 + 2112. List the prime factors of h.
5, 13, 41
Suppose l - 2*j = -4*l + 21, 5*l - 5*j = 30. Suppose 0 = y - l - 7. List the prime factors of y.
2, 5
Let i(t) = 120*t**3 + 2*t**2 - 1. Let g be i(1). Suppose -g = 3*y - 4*y. List the prime factors of y.
11
Suppose -2755 = 6*q - 11311. List the prime factors of q.
2, 23, 31
Suppose 0 = x + 170*p - 173*p - 5163, 5*x = -2*p + 25815. What are the prime factors of x?
3, 1721
Let i = -7 - -7. Suppose -3*j + 0*j + 3 = i. Let w(s) = 22*s**3 + s**2 + s - 1. What are the prime factors of w(j)?
23
Let d = -158 + 221. Suppose v = 3*y - 3*v - 191, v = 4*y - 246. Suppose 3*r + 0*r = -4*n + y, 3*r + 3*n = d. What are the prime factors of r?
23
Suppose -30 = k - 9. Let u = 185 + -161. What are the prime factors of (k/(-4))/(u/64)?
2, 7
Let b(r) = -8*r**2 + 33*r**2 + 4*r**2. Suppose 2 = 3*z - 1. What are the prime factors of b(z)?
29
Suppose -5*q - 3*v = -116, 2*q = 4*v - 2 + 64. Let z = 2 + q. What are the prime factors of (-6)/z + 930/54?
17
Let v be (-6)/(-9)*(5 + (2 - 4)). Let i(z) = 30*z - 3. What are the prime factors of i(v)?
3, 19
Suppose 3*q + r = 10, 2 = q + r - 2. Suppose 2 = -u, b - 2*b = 3*u + 3. Suppose -b*h - m + 22 = 0, -m + 4*m = q*h - 42. What are the prime factors of h?
3
Suppose 0 = -f + 38 + 15. Suppose 4*g - f = 491. What are the prime factors of g?
2, 17
Let p(q) = 2*q - 4. Let r be p(4). Suppose w - 4*t - 24 = 0, -r*w + 0*w + 16 = 4*t. List the prime factors of w.
2
Suppose 82 = -2*x + 7*x + 2*s, -2*x + 28 = -4*s. Let k = x - 1. What are the prime factors of k?
3, 5
Let x(j) = j**2 - 50*j + 54. List the prime factors of x(49).
5
Let n(u) = u**3 - 7*u**2 - 8*u + 2. Let l be n(8). Let x(h) = 3 - 2 + 2 - 7*h - l. List the prime factors of x(-2).
3, 5
Suppose -j - j = -4, 2*j = -v + 71. Let p = -17 + v. What are the prime factors of p?
2, 5
Let s(n) = 377*n - 13. Let p be s(2). Suppose -13 + p = 8*u. List the prime factors of u.
7, 13
Suppose 2*s - 121 = -5*r, 4*r = -5*s + 146 + 131. Suppose 30 + s = v. List the prime factors of v.
83
Suppose 8*o - 2382 - 2490 = 0. List the prime factors of o.
3, 7, 29
Let y be 5*(-3)/((-15)/4). Let n(q) = 2 + 5*q**3 + 0*q**3 - 3*q**2 - 5*q - y*q**3 + 0*q. What are the prime factors of n(5)?
3
Let g = -1 - 2. Let p be (-1 - g - 3)*1. List the prime factors of (3 - (0 - 20)) + p.
2, 11
Suppose n - 8 - 10 = 0. List the prime factors of (174/9)/(6/n).
2, 29
Suppose 2*b - 133 = 73. Let p = b - 12. Suppose 0 = 2*q - p - 3. What are the prime factors of q?
47
What are the prime factors of (-8178)/(-235)*390/9?
2, 13, 29
List the prime factors of (3 - 9)*403/(-39).
2, 31
Let j(y) = -185*y**3 - 10*y**2 - 5*y - 2. What are the prime factors of j(-3)?
2, 2459
Let t(g) = g**3 + 9*g**2 + 8*g + 10. Let a be t(-8). Let r be (8/(-10))/(a/(-75)). Suppose 4*h - 98 = -3*s, 2*s = h - r*h + 56. What are the prime factors of s?
2, 19
Let x be -6*((-7)/(-2))/(-7). Suppose -x*i + 2 = -2*b, 2*i = -3*b + 1 + 9. List the prime factors of 55 + (-4 + b - -3).
2, 7
Let u = -16 + 79. Suppose 19 + u = 2*p. What are the prime factors of p?
41
Suppose -o - 4*x + x = -12, -4*o = 5*x - 69. Suppose